{"id":227,"date":"2018-06-30T19:54:08","date_gmt":"2018-06-30T18:54:08","guid":{"rendered":"http:\/\/www.cursillo.cz\/?page_id=227"},"modified":"2026-01-21T19:15:03","modified_gmt":"2026-01-21T18:15:03","slug":"kontakty","status":"publish","type":"page","link":"https:\/\/www.cursillo.cz\/index.php\/kontakty\/","title":{"rendered":"Kontakty"},"content":{"rendered":"<p>Hnut\u00ed Cursillo p\u016fsob\u00ed v \u010cesk\u00e9 republice v diec\u00e9zi brn\u011bnsk\u00e9, olomouck\u00e9, ostravsko-opavsk\u00e9 a pra\u017esk\u00e9.<br \/>\n<strong><\/strong><\/p>\n<h5><strong>N\u00e1rodn\u00ed t\u00fdm<\/strong><\/h5>\n<p>koordin\u00e1tor:&nbsp;&nbsp;&nbsp;&nbsp;&nbsp;&nbsp;&nbsp;&nbsp;&nbsp;&nbsp;&nbsp;&nbsp;&nbsp;&nbsp;&nbsp;&nbsp;&nbsp;&nbsp;&nbsp;&nbsp;&nbsp;&nbsp;&nbsp;&nbsp;&nbsp; Josef Vlach<br \/>\nduchovn\u00ed doprov\u00e1zen\u00ed:&nbsp;&nbsp;&nbsp;&nbsp;&nbsp;&nbsp;&nbsp; P. Pavel H\u00f6dl<br \/>\n\u010dlenov\u00e9:&nbsp;&nbsp;&nbsp;&nbsp;&nbsp;&nbsp;&nbsp;&nbsp;&nbsp;&nbsp;&nbsp;&nbsp;&nbsp;&nbsp;&nbsp;&nbsp;&nbsp;&nbsp;&nbsp;&nbsp;&nbsp;&nbsp;&nbsp;&nbsp;&nbsp;&nbsp;&nbsp;&nbsp;&nbsp;&nbsp;&nbsp;&nbsp; Kate\u0159ina Janu\u0161ov\u00e1, Jitka Mal\u00e1, Michaela Tydlit\u00e1tov\u00e1, Anna Tuh\u00e1rsk\u00e1,<\/p>\n<p>&nbsp;&nbsp;&nbsp;&nbsp;&nbsp;&nbsp;&nbsp;&nbsp;&nbsp;&nbsp;&nbsp;&nbsp;&nbsp;&nbsp;&nbsp;&nbsp;&nbsp;&nbsp;&nbsp;&nbsp;&nbsp;&nbsp;&nbsp;&nbsp;&nbsp;&nbsp;&nbsp;&nbsp;&nbsp;&nbsp;&nbsp;&nbsp;&nbsp;&nbsp;&nbsp;&nbsp;&nbsp;&nbsp;&nbsp;&nbsp;&nbsp;&nbsp;&nbsp;&nbsp;&nbsp;&nbsp; Ji\u0159\u00ed Vendel<br \/>\nkontakt: &nbsp; &nbsp; &nbsp; &nbsp; &nbsp; &nbsp; &nbsp; &nbsp; &nbsp; &nbsp; &nbsp; &nbsp; &nbsp; &nbsp; &nbsp; &nbsp; <a href=\"mailto:cu********@***il.com\" data-original-string=\"TtbkqPthZa7zSpFGKFcclQ==9d0gmKNQVUv\/x7tALZ0PIoUmkkYIAbXQnovXraAzuT\/bg4=\" title=\"This contact has been encoded by Anti-Spam by CleanTalk. Click to decode. To finish the decoding make sure that JavaScript is enabled in your browser.\"><span \n                data-original-string='6YrnWU8d\/NWinrhOMYpcrw==9d0swbuRh41S2T2br1SPcTjhaTKdQJjL367bj3\/ju8FB9I='\n                class='apbct-email-encoder'\n                title='This contact has been encoded by Anti-Spam by CleanTalk. Click to decode. To finish the decoding make sure that JavaScript is enabled in your browser.'>cu<span class=\"apbct-blur\">********<\/span>@<span class=\"apbct-blur\">***<\/span>il.com<\/span><\/a><\/p>\n<h5><strong>T\u00fdm brn\u011bnsk\u00e9 diec\u00e9ze<\/strong><\/h5>\n<p>koordin\u00e1tor:&nbsp;&nbsp;&nbsp;&nbsp;&nbsp;&nbsp;&nbsp;&nbsp;&nbsp;&nbsp;&nbsp;&nbsp;&nbsp;&nbsp;&nbsp;&nbsp;&nbsp;&nbsp;&nbsp;&nbsp;&nbsp;&nbsp;&nbsp;&nbsp;&nbsp; V\u011bra K\u00f6nigov\u00e1<br \/>\nsekretari\u00e1t:&nbsp;&nbsp;&nbsp;&nbsp;&nbsp;&nbsp;&nbsp;&nbsp;&nbsp;&nbsp;&nbsp;&nbsp;&nbsp;&nbsp;&nbsp;&nbsp;&nbsp;&nbsp;&nbsp;&nbsp;&nbsp;&nbsp;&nbsp;&nbsp;&nbsp;&nbsp; Josef Vlach<br \/>\n\u010dlenov\u00e9:&nbsp;&nbsp;&nbsp;&nbsp;&nbsp;&nbsp;&nbsp;&nbsp;&nbsp;&nbsp;&nbsp;&nbsp;&nbsp;&nbsp;&nbsp;&nbsp;&nbsp;&nbsp;&nbsp;&nbsp;&nbsp;&nbsp;&nbsp;&nbsp;&nbsp;&nbsp;&nbsp;&nbsp;&nbsp;&nbsp;&nbsp; Jitka Mal\u00e1, Ivana \u0160mardov\u00e1<br \/>\nkontakt:&nbsp;&nbsp;&nbsp;&nbsp;&nbsp;&nbsp;&nbsp;&nbsp;&nbsp;&nbsp;&nbsp;&nbsp;&nbsp;&nbsp;&nbsp;&nbsp;&nbsp;&nbsp;&nbsp;&nbsp;&nbsp;&nbsp;&nbsp;&nbsp;&nbsp;&nbsp;&nbsp;&nbsp;&nbsp;&nbsp;&nbsp;&nbsp; <a href=\"mailto:cu**********@***il.com\" data-original-string=\"eXhSeAeqA2EDgBNUtYURZw==9d00O8sLDvY1oswLZy5dDH3Td7ZSi1Z8nxd6wevud7BDSE=\" title=\"This contact has been encoded by Anti-Spam by CleanTalk. Click to decode. To finish the decoding make sure that JavaScript is enabled in your browser.\"><span \n                data-original-string='Zq6OQjVbgEwaLxob8iWe0w==9d0mtFu8RVUZ0mSOVK3YhO8NHBJXIXd+iYe2plyw1MHCKI='\n                class='apbct-email-encoder'\n                title='This contact has been encoded by Anti-Spam by CleanTalk. Click to decode. To finish the decoding make sure that JavaScript is enabled in your browser.'>cu<span class=\"apbct-blur\">**********<\/span>@<span class=\"apbct-blur\">***<\/span>il.com<\/span><\/a><\/p>\n<h5><strong>Spole\u010dn\u00fd t\u00fdm olomouck\u00e9 arcidiec\u00e9ze a ostravsko-opavsk\u00e9 diec\u00e9ze<\/strong><\/h5>\n<p>koordin\u00e1tor a sekretari\u00e1t:&nbsp; Pavl\u00edna Sekerkov\u00e1<br \/>\nduchovn\u00ed doprov\u00e1zen\u00ed:&nbsp;&nbsp;&nbsp;&nbsp;&nbsp;&nbsp; P. Pavel H\u00f6dl, P. Bohum\u00edr Vit\u00e1sek<br \/>\n\u010dlenov\u00e9:&nbsp; &nbsp; &nbsp; &nbsp; &nbsp; &nbsp; &nbsp; &nbsp; &nbsp; &nbsp; &nbsp; &nbsp; &nbsp; &nbsp; &nbsp; &nbsp; Jan Heinrich, Hana M\u00e1\u010dalov\u00e1<br \/>\nkontakt:&nbsp;&nbsp;&nbsp;&nbsp;&nbsp;&nbsp;&nbsp;&nbsp;&nbsp;&nbsp;&nbsp;&nbsp;&nbsp;&nbsp;&nbsp;&nbsp;&nbsp;&nbsp;&nbsp;&nbsp;&nbsp;&nbsp;&nbsp;&nbsp;&nbsp;&nbsp;&nbsp;&nbsp;&nbsp;&nbsp;&nbsp; <a href=\"mailto:cu*************@***il.com\" data-original-string=\"JCIZkKsDF10Ue+Jax8ZdKQ==9d0T3wLJfT3zBpzMTcu9MfFytBIRRiH2UoxAL1bClsRbr4=\" title=\"This contact has been encoded by Anti-Spam by CleanTalk. Click to decode. To finish the decoding make sure that JavaScript is enabled in your browser.\">&nbsp;<span \n                data-original-string='97PcuOQe8qssBbcY3MlbKw==9d07v5PaiWY5KKEBJ1iV8lTbqrsB\/X+iiBiCWK8U\/Zjrnk='\n                class='apbct-email-encoder'\n                title='This contact has been encoded by Anti-Spam by CleanTalk. Click to decode. To finish the decoding make sure that JavaScript is enabled in your browser.'>cu<span class=\"apbct-blur\">*************<\/span>@<span class=\"apbct-blur\">***<\/span>il.com<\/span><\/a><\/p>\n<h5><strong>T\u00fdm pra\u017esk\u00e9 arcidiec\u00e9ze<\/strong><\/h5>\n<p>koordin\u00e1tor:&nbsp;&nbsp;&nbsp;&nbsp;&nbsp;&nbsp;&nbsp;&nbsp;&nbsp;&nbsp;&nbsp;&nbsp;&nbsp;&nbsp;&nbsp;&nbsp;&nbsp;&nbsp;&nbsp;&nbsp;&nbsp;&nbsp;&nbsp;&nbsp;&nbsp; Dagmar \u0160tefancov\u00e1<br \/>\nsekretari\u00e1t:&nbsp;&nbsp;&nbsp;&nbsp;&nbsp;&nbsp;&nbsp;&nbsp;&nbsp;&nbsp;&nbsp;&nbsp;&nbsp;&nbsp;&nbsp;&nbsp;&nbsp;&nbsp;&nbsp;&nbsp;&nbsp;&nbsp;&nbsp;&nbsp;&nbsp;&nbsp; Bo\u0159ivoj a Michaela Tydlit\u00e1tovi<br \/>\n\u010dlen:&nbsp;&nbsp;&nbsp;&nbsp;&nbsp;&nbsp;&nbsp;&nbsp;&nbsp;&nbsp;&nbsp;&nbsp;&nbsp;&nbsp;&nbsp;&nbsp;&nbsp;&nbsp;&nbsp;&nbsp;&nbsp;&nbsp;&nbsp;&nbsp;&nbsp;&nbsp;&nbsp;&nbsp;&nbsp;&nbsp;&nbsp;&nbsp;&nbsp;&nbsp;&nbsp;&nbsp;&nbsp;&nbsp; Zuzana Koz\u00e1kov\u00e1<br \/>\nkontakt:&nbsp;&nbsp;&nbsp;&nbsp;&nbsp;&nbsp;&nbsp;&nbsp;&nbsp;&nbsp;&nbsp;&nbsp;&nbsp;&nbsp;&nbsp;&nbsp;&nbsp;&nbsp;&nbsp;&nbsp;&nbsp;&nbsp;&nbsp;&nbsp;&nbsp;&nbsp;&nbsp;&nbsp;&nbsp;&nbsp;&nbsp; &nbsp;<a href=\"mailto:cu***********@***il.com\" data-original-string=\"AobLtxCO7cnlJqqGC2IHaQ==9d0ReUK8z1fVhsTyJauVNKmNfhbL7EWlA+NWDFkXvCWfkc=\" title=\"This contact has been encoded by Anti-Spam by CleanTalk. Click to decode. To finish the decoding make sure that JavaScript is enabled in your browser.\"><span \n                data-original-string='aox0iibws4amgKNsj53VNg==9d0lotog2WWsohsWdIzLpwLIEyO2k4iKuQTU1rIotJU3A0='\n                class='apbct-email-encoder'\n                title='This contact has been encoded by Anti-Spam by CleanTalk. Click to decode. To finish the decoding make sure that JavaScript is enabled in your browser.'>cu<span class=\"apbct-blur\">***********<\/span>@<span class=\"apbct-blur\">***<\/span>il.com<\/span><\/a><\/p>\n","protected":false},"excerpt":{"rendered":"<p>Hnut\u00ed Cursillo p\u016fsob\u00ed v \u010cesk\u00e9 republice v diec\u00e9zi brn\u011bnsk\u00e9, olomouck\u00e9, ostravsko-opavsk\u00e9 a pra\u017esk\u00e9. N\u00e1rodn\u00ed t\u00fdm koordin\u00e1tor:&nbsp;&nbsp;&nbsp;&nbsp;&nbsp;&nbsp;&nbsp;&nbsp;&nbsp;&nbsp;&nbsp;&nbsp;&nbsp;&nbsp;&nbsp;&nbsp;&nbsp;&nbsp;&nbsp;&nbsp;&nbsp;&nbsp;&nbsp;&nbsp;&nbsp; Josef Vlach duchovn\u00ed doprov\u00e1zen\u00ed:&nbsp;&nbsp;&nbsp;&nbsp;&nbsp;&nbsp;&nbsp; P. Pavel H\u00f6dl \u010dlenov\u00e9:&nbsp;&nbsp;&nbsp;&nbsp;&nbsp;&nbsp;&nbsp;&nbsp;&nbsp;&nbsp;&nbsp;&nbsp;&nbsp;&nbsp;&nbsp;&nbsp;&nbsp;&nbsp;&nbsp;&nbsp;&nbsp;&nbsp;&nbsp;&nbsp;&nbsp;&nbsp;&nbsp;&nbsp;&nbsp;&nbsp;&nbsp;&nbsp; Kate\u0159ina Janu\u0161ov\u00e1, Jitka Mal\u00e1, Michaela Tydlit\u00e1tov\u00e1, Anna Tuh\u00e1rsk\u00e1, &nbsp;&nbsp;&nbsp;&nbsp;&nbsp;&nbsp;&nbsp;&nbsp;&nbsp;&nbsp;&nbsp;&nbsp;&nbsp;&nbsp;&nbsp;&nbsp;&nbsp;&nbsp;&nbsp;&nbsp;&nbsp;&nbsp;&nbsp;&nbsp;&nbsp;&nbsp;&nbsp;&nbsp;&nbsp;&nbsp;&nbsp;&nbsp;&nbsp;&nbsp;&nbsp;&nbsp;&nbsp;&nbsp;&nbsp;&nbsp;&nbsp;&nbsp;&nbsp;&nbsp;&nbsp;&nbsp; Ji\u0159\u00ed Vendel kontakt: &nbsp; &nbsp; &nbsp; &nbsp; &nbsp; &nbsp; &nbsp; &nbsp; &nbsp; &nbsp; &nbsp; &nbsp; &nbsp; &nbsp; [&hellip;]<\/p>\n","protected":false},"author":1,"featured_media":0,"parent":0,"menu_order":0,"comment_status":"closed","ping_status":"closed","template":"page-templates\/template-page-sidebar.php","meta":{"dwc-title":[""],"dwc-content":[""],"ngg_post_thumbnail":0,"footnotes":""},"class_list":["post-227","page","type-page","status-publish","hentry"],"aioseo_notices":[],"_links":{"self":[{"href":"https:\/\/www.cursillo.cz\/index.php\/wp-json\/wp\/v2\/pages\/227","targetHints":{"allow":["GET"]}}],"collection":[{"href":"https:\/\/www.cursillo.cz\/index.php\/wp-json\/wp\/v2\/pages"}],"about":[{"href":"https:\/\/www.cursillo.cz\/index.php\/wp-json\/wp\/v2\/types\/page"}],"author":[{"embeddable":true,"href":"https:\/\/www.cursillo.cz\/index.php\/wp-json\/wp\/v2\/users\/1"}],"replies":[{"embeddable":true,"href":"https:\/\/www.cursillo.cz\/index.php\/wp-json\/wp\/v2\/comments?post=227"}],"version-history":[{"count":25,"href":"https:\/\/www.cursillo.cz\/index.php\/wp-json\/wp\/v2\/pages\/227\/revisions"}],"predecessor-version":[{"id":3217,"href":"https:\/\/www.cursillo.cz\/index.php\/wp-json\/wp\/v2\/pages\/227\/revisions\/3217"}],"wp:attachment":[{"href":"https:\/\/www.cursillo.cz\/index.php\/wp-json\/wp\/v2\/media?parent=227"}],"curies":[{"name":"wp","href":"https:\/\/api.w.org\/{rel}","templated":true}]}}